 9 a factor of 7994844?
True
Does 128 divide 1005571584?
True
Is 537145764 a multiple of 1646?
True
Does 95 divide 6575054?
False
Is 22332024 a multiple of 104?
True
Is 251 a factor of 540558706?
False
Is 1439221550 a multiple of 1150?
True
Is 20455977 a multiple of 17?
False
Does 395 divide 252013645?
False
Is 362 a factor of 1397107868?
True
Does 2 divide 2616506?
True
Does 280 divide 620762118?
False
Is 85402758 a multiple of 57?
True
Is 3128370278 a multiple of 3081?
False
Is 462483821 a multiple of 92?
False
Does 614 divide 241541240?
False
Is 417 a factor of 23287782?
True
Does 786 divide 65910792?
False
Is 37 a factor of 1113761201?
False
Does 372 divide 3914719?
False
Does 872 divide 2314288?
True
Is 673487958 a multiple of 22?
True
Does 581 divide 908824323?
False
Is 1592441780 a multiple of 470?
True
Is 210 a factor of 1220833950?
True
Does 13 divide 28289689?
False
Does 1409 divide 1071431071?
False
Does 34 divide 44494576?
True
Is 928 a factor of 701529929?
False
Does 69 divide 14581632?
True
Is 33578540 a multiple of 20?
True
Is 38386722 a multiple of 41?
False
Is 58702232 a multiple of 568?
True
Is 374165539 a multiple of 25?
False
Does 19 divide 124953875?
False
Is 7 a factor of 4124240?
False
Is 509 a factor of 8663689?
True
Is 18032110 a multiple of 2857?
False
Does 4030 divide 5482156604?
False
Does 802 divide 5173881?
False
Is 276509565 a multiple of 43?
True
Does 9 divide 2105051?
False
Does 11 divide 275032868?
True
Does 12 divide 20681151?
False
Is 19 a factor of 14311508?
False
Is 123 a factor of 133228671?
False
Is 3605985149 a multiple of 52?
False
Does 14 divide 8431178?
True
Is 509 a factor of 300000019?
True
Does 16 divide 4415172304?
True
Is 33 a factor of 2129549618?
False
Does 4 divide 30293580?
True
Is 777 a factor of 284295861?
False
Is 299 a factor of 109013606?
True
Is 104148082 a multiple of 19?
True
Is 149458776 a multiple of 123?
True
Does 8 divide 23365225?
False
Is 2125 a factor of 359486664?
False
Is 274 a factor of 47890258?
False
Is 46261648 a multiple of 92?
True
Is 126341702 a multiple of 11?
False
Is 271 a factor of 28726000?
True
Is 46 a factor of 528104090?
False
Does 359 divide 210242434?
False
Is 3211800 a multiple of 4040?
True
Is 810020435 a multiple of 281?
True
Is 659828794 a multiple of 1006?
False
Is 926368488 a multiple of 648?
True
Does 17 divide 797061456?
True
Is 146339780 a multiple of 614?
False
Does 50 divide 3048699?
False
Is 9 a factor of 4526106?
False
Is 165 a factor of 26478331?
False
Is 2 a factor of 5375302?
True
Is 3223925621 a multiple of 331?
False
Does 711 divide 17549613?
True
Is 216606840 a multiple of 20?
True
Is 946 a factor of 388184478?
True
Is 206449565 a multiple of 1008?
False
Does 468 divide 152906364?
True
Is 4409 a factor of 27090868?
False
Does 97 divide 3161909?
True
Does 798 divide 8957923?
False
Is 287 a factor of 211894902?
False
Does 436 divide 14997092?
True
Does 29 divide 32515351?
True
Is 10 a factor of 1622264870?
True
Does 27 divide 3806730?
True
Does 1390 divide 168452027?
False
Is 338 a factor of 92680992?
False
Is 13923014 a multiple of 45?
False
Is 176768051 a multiple of 61?
False
Is 1911 a factor of 774136545?
True
Is 338 a factor of 337564656?
True
Does 222 divide 103626936?
True
Does 443 divide 962780723?
False
Is 18 a factor of 1095494256?
True
Is 7070 a factor of 545881316?
False
Is 16271523 a multiple of 87?
True
Is 1301529450 a multiple of 65?
True
Is 82309304 a multiple of 2296?
True
Is 116699677 a multiple of 23?
True
Does 48 divide 8897856?
True
Does 101 divide 32066995?
True
Is 207714314 a multiple of 53?
True
Does 54 divide 4632876?
True
Is 311574013 a multiple of 128?
False
Is 1232 a factor of 77263648?
True
Is 28743605 a multiple of 837?
False
Does 105 divide 780463320?
True
Does 14 divide 78696912?
True
Does 205 divide 5006651040?
True
Is 698308967 a multiple of 33?
False
Is 2249984800 a multiple of 7400?
True
Is 7 a factor of 100146388?
False
Does 8 divide 2126336?
True
Is 16689895 a multiple of 55?
False
Is 56 a factor of 11099816?
True
Does 361 divide 564644459?
False
Is 26 a factor of 7887735?
False
Does 224 divide 138012935?
False
Does 18 divide 3915072?
True
Is 382 a factor of 2935369748?
True
Does 465 divide 499496955?
True
Does 322 divide 121910488?
True
Does 6 divide 182859479?
False
Does 190 divide 211096460?
True
Is 18937275 a multiple of 1225?
True
Is 18 a factor of 464841360?
True
Is 394 a factor of 178621870?
True
Is 98305629 a multiple of 6963?
False
Is 1413 a factor of 671617269?
True
Is 12 a factor of 1120384695?
False
Does 497 divide 12926704?
False
Is 45 a factor of 6683175?
True
Is 1660 a factor of 20898462?
False
Is 508 a factor of 1319066363?
False
Is 463419670 a multiple of 70?
True
Does 32 divide 249342240?
True
Is 123842936 a multiple of 567?
False
Does 435 divide 96988480?
False
Is 74783993 a multiple of 2436?
False
Is 6692218718 a multiple of 908?
False
Is 156 a factor of 80480775?
False
Is 410 a factor of 1539037578?
False
Is 280 a factor of 9119162?
False
Does 517 divide 66324896?
True
Does 112 divide 2543064?
False
Does 2197 divide 206758300?
False
Is 84 a factor of 65793906?
False
Is 30 a factor of 274157422?
False
Is 655832290 a multiple of 4098?
False
Does 32 divide 142686880?
True
Is 175 a factor of 114471387?
False
Does 19 divide 322538186?
True
Is 260 a factor of 4027830820?
True
Is 28 a factor of 1511312?
False
Is 3 a factor of 77404075?
False
Is 3026400572 a multiple of 54?
False
Does 95 divide 55980935?
True
Does 6 divide 4704326?
False
Does 390 divide 82118790?
True
Does 6 divide 5002080?
True
Does 20 divide 95428661?
False
Is 1894580 a multiple of 430?
True
Is 12 a factor of 281636712?
True
Is 942 a factor of 17336568?
True
Does 12 divide 279187152?
True
Does 1769 divide 2425392757?
True
Does 29 divide 67131984?
True
Does 5 divide 17532943?
False
Is 11 a factor of 9658770?
True
Does 948 divide 956381268?
True
Is 31 a factor of 121328290?
False
Is 316 a factor of 97021164?
True
Does 69 divide 1967899113?
True
Is 70 a factor of 729470824?
False
Does 41 divide 36959524?
False
Is 56 a factor of 86595992?
True
Does 2451 divide 25691382?
True
Is 375 a factor of 887132625?
True
Is 4314 a factor of 56401236?
True
Is 679 a factor of 324355584?
True
Is 92 a factor of 22647456?
True
Is 347887400 a multiple of 1910?
True
Is 2512 a factor of 716374669?
False
Is 5316 a factor of 181772171?
False
Is 72354368 a multiple of 55?
False
Is 1408849122 a multiple of 1766?
False
Does 90 divide 23510099?
False
Does 107 divide 688742209?
False
Does 1720 divide 354246040?
True
Does 163 divide 31525316?
False
Is 87806541 a multiple of 696?
False
Does 85 divide 1822235464?
False
Is 219 a factor of 294147413?
False
Does 70 divide 54513760?
True
Is 2634 a factor of 180824100?
True
Is 11 a factor of 53194909?
False
Does 136 divide 281158817?
False
Does 17 divide 20869829?
True
Is 37 a factor of 224041105?
True
Is 29226612 a multiple of 83?
False
Is 9 a factor of 104478156?
True
Does 362 divide 54768790?
True
Is 985 a factor of 13203925?
True
Does 104 divide 228982507?
False
Does 2 divide 5606955?
False
Is 1281 a factor of 25835208?
True
Does 15 divide 397802944?
False
Is 81151203 a multiple of 317?
False
Does 287 divide 169103527?
False
Is 30 a factor of 14763540?
True
Does 601 divide 207512843?
False
Is 16 a factor of 4365988848?
True
Does 45 divide 47699775?
True
Is 148 a factor of 12689224?
True
Is 7324 a factor of 2036047719?
False
Does 21 divide 42927271?
False
Is 175 a factor of 8348900?
True
Is 8 a factor of 928266304?
True
Is 343943016 a multiple of 124?
True
Does 44 divide 19537716?
True
Is 13 a factor of 17741211?
False
Does 157 divide 39803172?
False
Is 141 a factor of 1186617366?
True
Is 1380 a factor of 156466502?
False
Does 2141 divide 305368689?
True
Is 87600143 a multiple of 1710?
False
Is 181126753 a multiple of 7201?
True
Is 203554158 a multiple of 1288?
False
Is 8284847 a multiple of 13?
False
Is 61 a factor of 21592759?
False
Does 2788 divide 908882424?
True
Is 8608 a factor of 889973791?
False
Is 974 a factor of 850203626?
True
Is 411930340 a multiple of 358?
False
Does 219 divide 154271902?
False
Is 536971329 a multiple of 668?
False
Does 10049 divide 2826837555?
False
Is 151529560 a multiple